{"id":32,"date":"2012-08-14T23:17:59","date_gmt":"2012-08-14T23:17:59","guid":{"rendered":"http:\/\/www.29ppp.de\/manuel-haberer\/?page_id=32"},"modified":"2012-08-14T23:17:59","modified_gmt":"2012-08-14T23:17:59","slug":"was-ist-eigentlich-dieses-ppp","status":"publish","type":"page","link":"https:\/\/www.29ppp.de\/manuel-haberer\/was-ist-eigentlich-dieses-ppp\/","title":{"rendered":"Was ist eigentlich dieses PPP?"},"content":{"rendered":"<p>Schaut einfach unter diesen Links nach wenn es euch interessiert:)<\/p>\n<p><a href=\"https:\/\/gc21.giz.de\/ibt\/gc21\/area=gc21\/style=myso\/paint=myso\/de\/usr\/modules\/gc21\/ws-FLEXpppusa\/info\/ibt\/programm.sxhtml\">https:\/\/gc21.giz.de\/ibt\/gc21\/area=gc21\/style=myso\/paint=myso\/de\/usr\/modules\/gc21\/ws-FLEXpppusa\/info\/ibt\/programm.sxhtml<\/a><\/p>\n<p><a href=\"http:\/\/www.bundestag.de\/bundestag\/europa_internationales\/internat_austausch\/ppp\/index.html\">http:\/\/www.bundestag.de\/bundestag\/europa_internationales\/internat_austausch\/ppp\/index.html<\/a><\/p>\n<p>An dieser Stelle m\u00f6chte ich mich nochmals herzlichst bei meinem Paten Hans- Joachim Fuchtel f\u00fcr diese gro\u00dfartige Chance bedanken.<\/p>\n","protected":false},"excerpt":{"rendered":"<p>Schaut einfach unter diesen Links nach wenn es euch interessiert:) https:\/\/gc21.giz.de\/ibt\/gc21\/area=gc21\/style=myso\/paint=myso\/de\/usr\/modules\/gc21\/ws-FLEXpppusa\/info\/ibt\/programm.sxhtml http:\/\/www.bundestag.de\/bundestag\/europa_internationales\/internat_austausch\/ppp\/index.html An dieser Stelle m\u00f6chte ich mich nochmals herzlichst bei meinem Paten Hans- Joachim Fuchtel f\u00fcr diese gro\u00dfartige Chance bedanken.<\/p>\n","protected":false},"author":34,"featured_media":0,"parent":0,"menu_order":0,"comment_status":"open","ping_status":"open","template":"","meta":{"footnotes":""},"class_list":["post-32","page","type-page","status-publish","hentry"],"_links":{"self":[{"href":"https:\/\/www.29ppp.de\/manuel-haberer\/wp-json\/wp\/v2\/pages\/32","targetHints":{"allow":["GET"]}}],"collection":[{"href":"https:\/\/www.29ppp.de\/manuel-haberer\/wp-json\/wp\/v2\/pages"}],"about":[{"href":"https:\/\/www.29ppp.de\/manuel-haberer\/wp-json\/wp\/v2\/types\/page"}],"author":[{"embeddable":true,"href":"https:\/\/www.29ppp.de\/manuel-haberer\/wp-json\/wp\/v2\/users\/34"}],"replies":[{"embeddable":true,"href":"https:\/\/www.29ppp.de\/manuel-haberer\/wp-json\/wp\/v2\/comments?post=32"}],"version-history":[{"count":3,"href":"https:\/\/www.29ppp.de\/manuel-haberer\/wp-json\/wp\/v2\/pages\/32\/revisions"}],"predecessor-version":[{"id":35,"href":"https:\/\/www.29ppp.de\/manuel-haberer\/wp-json\/wp\/v2\/pages\/32\/revisions\/35"}],"wp:attachment":[{"href":"https:\/\/www.29ppp.de\/manuel-haberer\/wp-json\/wp\/v2\/media?parent=32"}],"curies":[{"name":"wp","href":"https:\/\/api.w.org\/{rel}","templated":true}]}}